c7476
Convert -3646476 (base 8) to base 5.
-224042224
What is -90a875 (base 11) in base 12?
-5a714b
What is -113453 (base 7) in base 4?
-10333313
62112230 (base 8) to base 11
7469239
What is 11111010210 (base 3) in base 10?
88311
What is -80c01 (base 13) in base 5?
-24334032
4043445 (base 6) to base 14
502b3
Convert 15264130 (base 7) to base 10.
1461250
-3231022311 (base 4) to base 12
-3aa219
Convert 416276 (base 10) to base 6.
12531112
What is 4776ab (base 13) in base 7?
20315013
Convert -123920 (base 10) to base 12.
-5b868
1312001133 (base 4) to base 7
4052253
What is -255460 (base 9) in base 10?
-154926
Convert -112023130032 (base 4) to base 6.
-324340450
What is -545f4 (base 16) in base 11?
-216711
Convert -735327 (base 15) to base 9.
-11280111
What is 321313 (base 5) in base 7?
43404
What is 644727 (base 9) in base 12?
1662ba
What is -112002011112 (base 3) in base 9?
-462145
-5668212 (base 12) to base 11
-9391958
-121232310001 (base 4) to base 16
-66ed01
1002000221022 (base 3) to base 8
2134142
14191 (base 12) to base 4
12303331
What is 2c34a (base 15) in base 11?
98071
What is 2012 (base 5) in base 3?
100112
What is 850b (base 15) in base 13?
ca64
What is -2000001220100 (base 3) in base 15?
-160513
Convert 44023 (base 5) to base 15.
d5d
Convert -37296 (base 10) to base 2.
-1001000110110000
-265975 (base 12) to base 5
-130211410
-64630624 (base 8) to base 12
-4775870
-7881a1 (base 12) to base 5
-442444201
What is bc4e64 (base 15) in base 14?
12998c9
Convert -62730346 (base 8) to base 5.
-11404132334
Convert 2210030102 (base 5) to base 11.
2766a06
1110010010011010 (base 2) to base 12
29a4a
Convert -622165 (base 7) to base 2.
-11001111110111010
Convert -4322434344 (base 5) to base 7.
-141041550
-1394779 (base 11) to base 14
-463dc0
-321212322 (base 4) to base 15
-49dac
Convert 1605016 (base 10) to base 12.
6549b4
-1821326 (base 9) to base 8
-3704137
What is 1101000111000010110110 (base 2) in base 10?
3436726
-2668dc (base 14) to base 10
-1324370
Convert 16d353 (base 14) to base 7.
6560633
Convert 5b2410 (base 12) to base 7.
15356040
Convert -23203321220 (base 4) to base 14.
-58c65a
Convert 331120303 (base 4) to base 12.
101617
Convert 582656 (base 9) to base 4.
1111120200
1234221 (base 7) to base 14
42411
7bb28 (base 16) to base 2
1111011101100101000
Convert 20625362 (base 8) to base 16.
432af2
-1102012022 (base 3) to base 8
-66305
-101303323 (base 4) to base 11
-4a8a3
What is 16bc0bc (base 13) in base 6?
422301145
Convert -27022235 (base 9) to base 15.
-127ae9e
Convert 23ec70 (base 16) to base 4.
20332301300
5551b (base 15) to base 16
4232f
10100001011111001 (base 2) to base 6
1434441
What is -39d58c (base 15) in base 14?
-5249d8
-3212332 (base 7) to base 5
-44433233
What is -b54591 (base 13) in base 11?
-2434178
-154a44 (base 11) to base 12
-b745a
What is 3913a0 (base 12) in base 6?
32014320
3400064 (base 9) to base 4
12332322301
What is 112020122211 (base 3) in base 11?
181755
737c08 (base 13) to base 16
293b45
20130120321 (base 4) to base 3
11011110021000
Convert -122210132122 (base 4) to base 9.
-14085341
-388286 (base 10) to base 13
-107972
Convert 52543503 (base 6) to base 16.
17775f
111111010000011011001 (base 2) to base 3
10220022100010
Convert 11100022001021 (base 3) to base 11.
1337689
26834141 (base 9) to base 4
302202302131
What is 6e4c (base 16) in base 9?
42653
What is -21213201331 (base 4) in base 9?
-4662407
Convert -3aa141 (base 11) to base 15.
-ca7e4
What is 7a87589 (base 11) in base 14?
1c4078c
40931b (base 15) to base 16
2ed2a0
What is 61083 (base 14) in base 5?
24431410
What is -132e6a5 (base 15) in base 16?
-d2db83
Convert -21b359 (base 12) to base 13.
-15aab8
2350630 (base 9) to base 7
13552245
What is -61040 (base 15) in base 10?
-307185
8b159 (base 13) to base 7
2102212
Convert 24200 (base 10) to base 15.
7285
-19a75 (base 16) to base 3
-12100010202
Convert -1c70434 (base 13) to base 7.
-143414101
Convert -10000110011110111001111 (base 2) to base 11.
-253a933
What is -107532 (base 12) in base 13?
-92159
-553705 (base 14) to base 10
-2890809
Convert -13022 (base 9) to base 7.
-34364
What is -514200 (base 10) in base 14?
-d5568
Convert 100111101010010000 (base 2) to base 6.
3252024
2b7a1 (base 13) to base 9
135271
What is 1203100222 (base 4) in base 14?
a824a
What is b6bd6 (base 14) in base 9?
742416
What is -421320 (base 8) in base 4?
-202023100
Convert -33531 (base 8) to base 7.
-56211
What is 100222011021 (base 3) in base 15?
3d211
Convert 59401 (base 13) to base 4.
213312313
Convert 31bc73 (base 14) to base 2.
110011011010000101101
What is 2a8bc (base 15) in base 7?
1110231
What is -402121 (base 7) in base 5?
-4133403
Convert -854414 (base 12) to base 14.
-3c9d96
What is -102003430 (base 5) in base 4?
-1213013131
abb408 (base 12) to base 3
12011000002122
Convert 12423111 (base 7) to base 3.
2010111202100
What is 1b16829 (base 12) in base 9?
11741856
Convert -7121 (base 8) to base 16.
-e51
What is -1203121 (base 8) in base 16?
-50651
What is -111001011001111000111 (base 2) in base 4?
-13023033013
10310330012 (base 4) to base 9
2337735
What is -11346 (base 11) in base 16?
-4001
-3044412 (base 9) to base 8
-6143412
What is -10210131421 (base 5) in base 12?
-3687910
Convert -1534450 (base 6) to base 8.
-260536
Convert 1144373 (base 9) to base 11.
39386a
What is 1a9a0a5 (base 11) in base 3?
20122012111110
-11100202120021 (base 3) to base 14
-444a07
-21555a (base 12) to base 6
-15151354
-35868 (base 15) to base 8
-515230
1134034031 (base 5) to base 16
285448
-77745 (base 8) to base 9
-48818
Convert 14018a (base 12) to base 7.
2552002
Convert -1110000010001101101100 (base 2) to base 5.
-1420212314
What is -1201202011010 (base 3) in base 11?
-579323
What is 14267826 (base 9) in base 8?
32764344
-17766071 (base 9) to base 7
-136106020
What is 1001321231 (base 4) in base 3?
111201021112
-21200020111 (base 3) to base 7
-1166314
101010110011101010100 (base 2) to base 4
11112131110
What is -416a7 (base 15) in base 12?
-a001a
-14209 (base 11) to base 16
-4ef8
What is -80a16 (base 15) in base 13?
-1134b7
What is -2725544 (base 9) in base 8?
-5544675
20101332232 (base 4) to base 10
2170798
-337499 (base 10) to base 2
-1010010011001011011
What is 10164067 (base 8) in base 7?
24221314
Convert -1002211010210 (base 3) to base 4.
-2033103003
-1235105012 (base 6) to base 9
-30278138
1936a (base 14) to base 3
10020111202
-124430412 (base 5) to base 15
-c4ca7
-26502a7 (base 11) to base 5
-2133123432
What is -16333 (base 14) in base 10?
-55513
Convert 1579aa5 (base 14) to base 5.
10142424434
-9a3514 (base 13) to base 10
-3634700
What is 8d8b3 (base 14) in base 9?
574777
What is 307f74 (base 16) in base 4?
30013331310
What is 2252c4 (base 13) in base 2?
11000110000010110111
Convert -42808 (base 11) to base 15.
-1366c
-3144422 (base 5) to base 10
-53112
-1000211012210 (base 3) to base 11
-3444a0
Convert 1101111210022 (base 3) to base 11.
464793
Convert 121304200 (base 7) to base 3.
112021011202121
-3001332 (base 6) to base 16
-22418
Convert 41a128 (base 15) to base 4.
23322033122
What is 11437435 (base 8) in base 6?
125420141
What is 11000110011111 (base 2) in base 5?
401303
-132445401 (base 6) to base 13
-71a3c4
What is -263523 (base 9) in base 3?
-22010120210
What is 2cb393 (base 14) in base 13?
42b651
-102222010021 (base 3) to base 16
-39823
403c8 (base 13) to base 12
56603
997c0 (base 13) to base 6
5543441
-10201020121112 (base 3) to base 5
-1001114440
Convert -11100101110001001 (base 2) to base 12.
-580b5
What is -111110110111001 (base 2) in base 12?
-16761
Convert 10314410 (base 5) to base 8.
255232
What is -3c0a9e (base 15) in base 7?
-33355616
What is -144515 (base 8) in base 9?
-77618
Convert -130103023303 (base 4) to base 14.
-db180b
305065 (base 7) to base 16
cbd7
-4404250 (base 8) to base 3
-2020001012202
What is -163bd5 (base 14) in base 6?
-24405555
What is 10726615 (base 8) in base 5?
1044310224
Convert 1204430 (base 6) to base 13.
22a22
-100110111011001110 (base 2) to base 11
-a9874
101220011022 (base 3) to base 6
4332442
What is 5422620 (base 9) in base 8?
13060505
-32143 (base 11) to base 6
-1000241
What is -223202322 (base 4) in base 13?
-63252
What is b0432 (base 12) in base 10?
228710
-1246730 (base 9) to base 4
-